{"id":806,"date":"2022-04-04T10:45:04","date_gmt":"2022-04-04T10:45:04","guid":{"rendered":"https:\/\/connoscoservice.com\/franca\/?page_id=806"},"modified":"2022-09-13T08:39:51","modified_gmt":"2022-09-13T08:39:51","slug":"politica-de-privacidade","status":"publish","type":"page","link":"https:\/\/connoscoservice.com\/franca\/politica-de-privacidade\/","title":{"rendered":"Pol\u00edtica de Privacidade"},"content":{"rendered":"<p>[et_pb_section fb_built=&#8221;1&#8243; admin_label=&#8221;Header&#8221; _builder_version=&#8221;4.16&#8243; _module_preset=&#8221;default&#8221; use_background_color_gradient=&#8221;on&#8221; background_color_gradient_direction=&#8221;360deg&#8221; background_color_gradient_stops=&#8221;#031a35 1%|rgba(0,0,0,0) 57%&#8221; background_color_gradient_overlays_image=&#8221;on&#8221; background_color_gradient_start=&#8221;#031a35&#8243; background_color_gradient_start_position=&#8221;1%&#8221; background_color_gradient_end=&#8221;rgba(0,0,0,0)&#8221; background_color_gradient_end_position=&#8221;57%&#8221; background_image=&#8221;https:\/\/connoscoservice.com\/franca\/wp-content\/uploads\/2022\/02\/REPLACE-THIS-SCREEN11112111811-scaled.jpg&#8221; custom_padding=&#8221;55px||222px||false|false&#8221; global_colors_info=&#8221;{}&#8221;][\/et_pb_section][et_pb_section fb_built=&#8221;1&#8243; admin_label=&#8221;About&#8221; _builder_version=&#8221;4.16&#8243; _module_preset=&#8221;default&#8221; background_color=&#8221;#e0d9d1&#8243; custom_padding=&#8221;10px|||||&#8221; global_colors_info=&#8221;{}&#8221;][et_pb_row _builder_version=&#8221;4.16&#8243; _module_preset=&#8221;default&#8221; custom_margin=&#8221;24px|auto||auto||&#8221; global_colors_info=&#8221;{}&#8221;][et_pb_column type=&#8221;4_4&#8243; _builder_version=&#8221;4.16&#8243; _module_preset=&#8221;default&#8221; global_colors_info=&#8221;{}&#8221;][et_pb_text _builder_version=&#8221;4.16&#8243; _module_preset=&#8221;default&#8221; text_font=&#8221;LEARN|300|||||||&#8221; text_text_color=&#8221;#031a35&#8243; text_font_size=&#8221;39px&#8221; text_letter_spacing=&#8221;4px&#8221; text_line_height=&#8221;1.8em&#8221; global_colors_info=&#8221;{}&#8221;]<\/p>\n<p>Pol\u00edtica de Privacidade<\/p>\n<p>[\/et_pb_text][et_pb_divider color=&#8221;rgba(3,26,53,0.09)&#8221; divider_weight=&#8221;5px&#8221; _builder_version=&#8221;4.16&#8243; _module_preset=&#8221;ce0e852d-65f7-4b50-97d9-c94701b6b484&#8243; max_width=&#8221;210px&#8221; module_alignment=&#8221;left&#8221; height=&#8221;5px&#8221; custom_margin=&#8221;-24px||30px||false|false&#8221; custom_margin_tablet=&#8221;-22px||||false|false&#8221; custom_margin_phone=&#8221;-18px||||false|false&#8221; custom_margin_last_edited=&#8221;on|phone&#8221; global_colors_info=&#8221;{}&#8221;][\/et_pb_divider][et_pb_text _builder_version=&#8221;4.16&#8243; _module_preset=&#8221;bc6cae60-9fd0-48b3-a032-f2876734c2dd&#8221; text_font=&#8221;LEARN||||||||&#8221; text_text_color=&#8221;#031a35&#8243; text_font_size=&#8221;13px&#8221; text_letter_spacing=&#8221;2px&#8221; text_line_height=&#8221;1.8em&#8221; text_orientation=&#8221;center&#8221; text_font_size_tablet=&#8221;16px&#8221; text_font_size_phone=&#8221;14px&#8221; text_font_size_last_edited=&#8221;on|phone&#8221; locked=&#8221;off&#8221; global_colors_info=&#8221;{}&#8221;]<\/p>\n<p style=\"text-align: justify;\">A partir do dia 25 de maio de 2018, passou a ser aplic\u00e1vel o Regulamento Geral sobre a Prote\u00e7\u00e3o de Dados Pessoais, que estabelece regras relativas \u00e0 prote\u00e7\u00e3o, tratamento e livre circula\u00e7\u00e3o dos dados pessoais das pessoas singulares, mesmo que tenham sido recolhidos antes daquela data, e que se aplica diretamente a todas as entidades que procedam ao tratamento desses dados.<\/p>\n<p style=\"text-align: justify;\">Este Regulamento tem como um dos principais objetivos aumentar a transpar\u00eancia das empresas no que diz respeito ao tratamento de dados pessoais. Poder\u00e1 sempre consultar mais informa\u00e7\u00f5es na nossa Pol\u00edtica de Privacidade no site.<\/p>\n<p style=\"text-align: justify;\"><strong>\u00c9 nosso compromisso assegurar a privacidade dos seus dados.<\/strong><\/p>\n<p style=\"text-align: justify;\">Nos termos da Lei n.\u00ba 67\/98, de 26 de Outubro, e da Lei n.\u00ba 69\/98, de 28 de Outubro, \u00e9 garantido ao cliente o direito de acesso aos dados que lhe digam directamente respeito, podendo realizar directamente a sua correc\u00e7\u00e3o ou aditamento.<\/p>\n<p style=\"text-align: justify;\"><strong>Respons\u00e1vel pelo tratamento dos dados:<\/strong><\/p>\n<p style=\"text-align: justify;\">Connosco Service\u00a0<\/p>\n<p style=\"text-align: justify;\"><a href=\"mailto:geral@connoscoservice.com\">geral@connoscoservice.com<\/a><\/p>\n<p style=\"text-align: left;\">Freihofstrasse 14<br \/>8048 Z\u00fcrich<\/p>\n<p style=\"text-align: left;\">CHE-245.034.278<\/p>\n<p style=\"text-align: justify;\">\n<p style=\"text-align: justify;\"><strong>Finalidade do tratamento dos dados:<\/strong><\/p>\n<p style=\"text-align: justify;\">A finalidade do tratamento dos dados pessoais \u00e9 a manuten\u00e7\u00e3o de base de dados de clientes que t\u00eam liga\u00e7\u00e3o comercial com a nossa empresa ou a sua atividade comercial pode beneficiar dos nossos produtos e\/ou servi\u00e7os.<\/p>\n<p style=\"text-align: justify;\">Os dados recolhidos servir\u00e3o \u00fanica e exclusivamente para a finalidade supra descrita e n\u00e3o ser\u00e3o revelados a qualquer pessoa singular ou colectiva.<\/p>\n<p style=\"text-align: justify;\"><strong>Direito do titular dos dados:<\/strong><\/p>\n<p style=\"text-align: justify;\"><strong><\/strong><\/p>\n<p style=\"text-align: justify;\">a) direito de solicitar ao respons\u00e1vel pelo tratamento acesso aos dados pessoais que lhe digam respeito;<\/p>\n<ol style=\"text-align: justify;\">\n<li>b) direito \u00e0 sua rectifica\u00e7\u00e3o<\/li>\n<li>c) direito ao seu apagamento;<\/li>\n<li>d) direito \u00e0 limita\u00e7\u00e3o do tratamento no que disser respeito ao titular dos dados;<\/li>\n<li>e) direito de se opor ao tratamento;<\/li>\n<li>f) direito \u00e0 portabilidade dos dados;<\/li>\n<li>g) direito de retirar consentimento ao tratamento de dados em qualquer altura, com o consequente apagamento dos dados pessoais;<\/li>\n<li>h) direito de apresentar reclama\u00e7\u00f5es \u00e0 CNPD.<\/li>\n<\/ol>\n<p style=\"text-align: justify;\"><strong>Direito de retifica\u00e7\u00e3o:<\/strong><\/p>\n<p style=\"text-align: justify;\">O titular tem o direito de obter, sem demora injustificada, do respons\u00e1vel pelo tratamento a rectifica\u00e7\u00e3o dos dados pessoais inexactos que lhe digam respeito.<\/p>\n<p style=\"text-align: justify;\"><strong>Direito ao apagamento dos dados:<\/strong><\/p>\n<p style=\"text-align: justify;\">O titular tem o direito de obter do respons\u00e1vel pelo tratamento o apagamento dos seus dados pessoais, sem demora injustificada, e este tem a obriga\u00e7\u00e3o de apagar os dados pessoais, sem demora injustificada, quando se aplique algum dos motivos constantes do artigo 17.\u00ba do Regulamento (UE) 2016\/679 do Parlamento Europeu e do Conselho de 27 de Abril de 2016, nomeadamente, quando o titular dos dados retira o consentimento em que se baseia o tratamento dos dados e se n\u00e3o existir outro fundamento jur\u00eddico para o referido tratamento.<\/p>\n<p style=\"text-align: justify;\"><strong>\u00a0Pol\u00edtica de cookies:<\/strong><\/p>\n<p style=\"text-align: justify;\">A nossa empresa est\u00e1 empenhada em garantir que a privacidade dos seus utilizadores esteja protegida e que cumpre com as obriga\u00e7\u00f5es ao abrigo da Lei de Protec\u00e7\u00e3o de Dados. A nossa Pol\u00edtica de Privacidade e Cookies explica como ir\u00e1 tratar qualquer informa\u00e7\u00e3o pessoal que nos fornecer quando usar este site. Tamb\u00e9m descreve como usamos cookies de internet e de algumas das medidas de seguran\u00e7a que tomamos para proteger sua privacidade, bem como dar certas garantias sobre coisas que n\u00e3o ir\u00e1 fazer.<\/p>\n<p style=\"text-align: justify;\"><strong>Cookies:<\/strong><\/p>\n<p style=\"text-align: justify;\">N\u00f3s usamos cookies neste site. Um cookie \u00e9 um pequeno arquivo de texto que identifica o seu computador no nosso servidor. Os cookies em si n\u00e3o identificar o usu\u00e1rio individual, apenas o computador utilizado. Os cookies n\u00e3o s\u00e3o usados para recolher informa\u00e7\u00f5es pessoais.<\/p>\n<p style=\"text-align: justify;\">O utilizador tem, a qualquer momento, a possibilidade de configurar o seu computador para aceitar todos os cookies, para notific\u00e1-lo quando um cookie \u00e9 emitido ou para n\u00e3o receber quaisquer cookies. A forma como faz isso depende do navegador (web browser) que utiliza. Por favor, consulte a fun\u00e7\u00e3o \u201cAjuda\u201d do seu navegador. Se aceitar cookies, eles podem permanecer no seu computador por muitos anos, a menos que os elimine. Por favor, note que desligar cookies pode limitar o uso de sites em geral.<\/p>\n<p style=\"text-align: justify;\"><strong>Controlo de cookies:<\/strong><\/p>\n<p style=\"text-align: justify;\">Os navegadores da Web permitem exercer algum controle de cookies atrav\u00e9s das configura\u00e7\u00f5es do navegador. A maioria dos navegadores permitem bloquear cookies ou bloquear cookies de sites espec\u00edficos. Navegadores tamb\u00e9m podem ajud\u00e1-lo a apagar os cookies quando fecha o navegador. Deve observar no entanto, que isso pode significar que quaisquer opt-outs ou prefer\u00eancias definidas no site ser\u00e1 perdido. Para saber mais sobre os cookies, incluindo a forma de ver o que os cookies foram criados e como gerenciar e exclu\u00ed-los, visite www.allaboutcookies.org que inclui informa\u00e7\u00f5es sobre como gerir as suas configura\u00e7\u00f5es para os v\u00e1rios fornecedores de navegadores.<\/p>\n<p style=\"text-align: justify;\"><strong>Email Marketing:<\/strong><\/p>\n<p style=\"text-align: justify;\">Caso pretenda deixar de receber informa\u00e7\u00e3o nossa, poder\u00e1 em qualquer momento clicar no link para cancelar, no rodap\u00e9 das comunica\u00e7\u00f5es via email ou de qualquer outro email que receber\u00e1 da nossa parte ou ent\u00e3o contactando-nos por email para<span>\u00a0<\/span>geral@connoscoservice.com<\/p>\n<p style=\"text-align: justify;\"><strong>Aceita\u00e7\u00e3o dos termos<\/strong><\/p>\n<p style=\"text-align: justify;\">Ao utilizar este site, concorda com a recolha e uso das suas informa\u00e7\u00f5es tal como estabelecido na presente pol\u00edtica de cookies e pol\u00edtica de privacidade. Se alterarmos a nossa privacidade ou pol\u00edtica de cookies de qualquer forma, essas altera\u00e7\u00f5es ser\u00e3o publicadas neste site.<\/p>\n<p>[\/et_pb_text][\/et_pb_column][\/et_pb_row][\/et_pb_section]<\/p>\n","protected":false},"excerpt":{"rendered":"<p>Pol\u00edtica de PrivacidadeA partir do dia 25 de maio de 2018, passou a ser aplic\u00e1vel o Regulamento Geral sobre a Prote\u00e7\u00e3o de Dados Pessoais, que estabelece regras relativas \u00e0 prote\u00e7\u00e3o, tratamento e livre circula\u00e7\u00e3o dos dados pessoais das pessoas singulares, mesmo que tenham sido recolhidos antes daquela data, e que se aplica diretamente a todas [&hellip;]<\/p>\n","protected":false},"author":1,"featured_media":0,"parent":0,"menu_order":0,"comment_status":"closed","ping_status":"closed","template":"","meta":{"_et_pb_use_builder":"on","_et_pb_old_content":"","_et_gb_content_width":"","footnotes":""},"class_list":["post-806","page","type-page","status-publish","hentry"],"_links":{"self":[{"href":"https:\/\/connoscoservice.com\/franca\/wp-json\/wp\/v2\/pages\/806","targetHints":{"allow":["GET"]}}],"collection":[{"href":"https:\/\/connoscoservice.com\/franca\/wp-json\/wp\/v2\/pages"}],"about":[{"href":"https:\/\/connoscoservice.com\/franca\/wp-json\/wp\/v2\/types\/page"}],"author":[{"embeddable":true,"href":"https:\/\/connoscoservice.com\/franca\/wp-json\/wp\/v2\/users\/1"}],"replies":[{"embeddable":true,"href":"https:\/\/connoscoservice.com\/franca\/wp-json\/wp\/v2\/comments?post=806"}],"version-history":[{"count":6,"href":"https:\/\/connoscoservice.com\/franca\/wp-json\/wp\/v2\/pages\/806\/revisions"}],"predecessor-version":[{"id":925,"href":"https:\/\/connoscoservice.com\/franca\/wp-json\/wp\/v2\/pages\/806\/revisions\/925"}],"wp:attachment":[{"href":"https:\/\/connoscoservice.com\/franca\/wp-json\/wp\/v2\/media?parent=806"}],"curies":[{"name":"wp","href":"https:\/\/api.w.org\/{rel}","templated":true}]}}

Política de Privacidade

<p>[et_pb_section fb_built=&#8221;1&#8243; admin_label=&#8221;Header&#8221; _builder_version=&#8221;4.16&#8243; _module_preset=&#8221;default&#8221; use_background_color_gradient=&#8221;on&#8221; background_color_gradient_direction=&#8221;360deg&#8221; background_color_gradient_stops=&#8221;#031a35 1%|rgba(0,0,0,0) 57%&#8221; background_color_gradient_overlays_image=&#8221;on&#8221; background_color_gradient_start=&#8221;#031a35&#8243; background_color_gradient_start_position=&#8221;1%&#8221; background_color_gradient_end=&#8221;rgba(0,0,0,0)&#8221; background_color_gradient_end_position=&#8221;57%&#8221; background_image=&#8221;https://connoscoservice.com/franca/wp-content/uploads/2022/02/REPLACE-THIS-SCREEN11112111811-scaled.jpg&#8221; custom_padding=&#8221;55px||222px||false|false&#8221; global_colors_info=&#8221;{}&#8221;][/et_pb_section][et_pb_section fb_built=&#8221;1&#8243; admin_label=&#8221;About&#8221; _builder_version=&#8221;4.16&#8243; _module_preset=&#8221;default&#8221; background_color=&#8221;#e0d9d1&#8243; custom_padding=&#8221;10px|||||&#8221; global_colors_info=&#8221;{}&#8221;][et_pb_row _builder_version=&#8221;4.16&#8243; _module_preset=&#8221;default&#8221; custom_margin=&#8221;24px|auto||auto||&#8221; global_colors_info=&#8221;{}&#8221;][et_pb_column type=&#8221;4_4&#8243; _builder_version=&#8221;4.16&#8243; _module_preset=&#8221;default&#8221; global_colors_info=&#8221;{}&#8221;][et_pb_text _builder_version=&#8221;4.16&#8243; _module_preset=&#8221;default&#8221; text_font=&#8221;LEARN|300|||||||&#8221; text_text_color=&#8221;#031a35&#8243; text_font_size=&#8221;39px&#8221; text_letter_spacing=&#8221;4px&#8221; text_line_height=&#8221;1.8em&#8221; global_colors_info=&#8221;{}&#8221;]</p>
<p>Política de Privacidade</p>
<p>[/et_pb_text][et_pb_divider color=&#8221;rgba(3,26,53,0.09)&#8221; divider_weight=&#8221;5px&#8221; _builder_version=&#8221;4.16&#8243; _module_preset=&#8221;ce0e852d-65f7-4b50-97d9-c94701b6b484&#8243; max_width=&#8221;210px&#8221; module_alignment=&#8221;left&#8221; height=&#8221;5px&#8221; custom_margin=&#8221;-24px||30px||false|false&#8221; custom_margin_tablet=&#8221;-22px||||false|false&#8221; custom_margin_phone=&#8221;-18px||||false|false&#8221; custom_margin_last_edited=&#8221;on|phone&#8221; global_colors_info=&#8221;{}&#8221;][/et_pb_divider][et_pb_text _builder_version=&#8221;4.16&#8243; _module_preset=&#8221;bc6cae60-9fd0-48b3-a032-f2876734c2dd&#8221; text_font=&#8221;LEARN||||||||&#8221; text_text_color=&#8221;#031a35&#8243; text_font_size=&#8221;13px&#8221; text_letter_spacing=&#8221;2px&#8221; text_line_height=&#8221;1.8em&#8221; text_orientation=&#8221;center&#8221; text_font_size_tablet=&#8221;16px&#8221; text_font_size_phone=&#8221;14px&#8221; text_font_size_last_edited=&#8221;on|phone&#8221; locked=&#8221;off&#8221; global_colors_info=&#8221;{}&#8221;]</p>
<p style="text-align: justify;">A partir do dia 25 de maio de 2018, passou a ser aplicável o Regulamento Geral sobre a Proteção de Dados Pessoais, que estabelece regras relativas à proteção, tratamento e livre circulação dos dados pessoais das pessoas singulares, mesmo que tenham sido recolhidos antes daquela data, e que se aplica diretamente a todas as entidades que procedam ao tratamento desses dados.</p>
<p style="text-align: justify;">Este Regulamento tem como um dos principais objetivos aumentar a transparência das empresas no que diz respeito ao tratamento de dados pessoais. Poderá sempre consultar mais informações na nossa Política de Privacidade no site.</p>
<p style="text-align: justify;"><strong>É nosso compromisso assegurar a privacidade dos seus dados.</strong></p>
<p style="text-align: justify;">Nos termos da Lei n.º 67/98, de 26 de Outubro, e da Lei n.º 69/98, de 28 de Outubro, é garantido ao cliente o direito de acesso aos dados que lhe digam directamente respeito, podendo realizar directamente a sua correcção ou aditamento.</p>
<p style="text-align: justify;"><strong>Responsável pelo tratamento dos dados:</strong></p>
<p style="text-align: justify;">Connosco Service </p>
<p style="text-align: justify;"><a href="mailto:geral@connoscoservice.com">geral@connoscoservice.com</a></p>
<p style="text-align: left;">Freihofstrasse 14<br />8048 Zürich</p>
<p style="text-align: left;">CHE-245.034.278</p>
<p style="text-align: justify;">
<p style="text-align: justify;"><strong>Finalidade do tratamento dos dados:</strong></p>
<p style="text-align: justify;">A finalidade do tratamento dos dados pessoais é a manutenção de base de dados de clientes que têm ligação comercial com a nossa empresa ou a sua atividade comercial pode beneficiar dos nossos produtos e/ou serviços.</p>
<p style="text-align: justify;">Os dados recolhidos servirão única e exclusivamente para a finalidade supra descrita e não serão revelados a qualquer pessoa singular ou colectiva.</p>
<p style="text-align: justify;"><strong>Direito do titular dos dados:</strong></p>
<p style="text-align: justify;"><strong></strong></p>
<p style="text-align: justify;">a) direito de solicitar ao responsável pelo tratamento acesso aos dados pessoais que lhe digam respeito;</p>
<ol style="text-align: justify;">
<li>b) direito à sua rectificação</li>
<li>c) direito ao seu apagamento;</li>
<li>d) direito à limitação do tratamento no que disser respeito ao titular dos dados;</li>
<li>e) direito de se opor ao tratamento;</li>
<li>f) direito à portabilidade dos dados;</li>
<li>g) direito de retirar consentimento ao tratamento de dados em qualquer altura, com o consequente apagamento dos dados pessoais;</li>
<li>h) direito de apresentar reclamações à CNPD.</li>
</ol>
<p style="text-align: justify;"><strong>Direito de retificação:</strong></p>
<p style="text-align: justify;">O titular tem o direito de obter, sem demora injustificada, do responsável pelo tratamento a rectificação dos dados pessoais inexactos que lhe digam respeito.</p>
<p style="text-align: justify;"><strong>Direito ao apagamento dos dados:</strong></p>
<p style="text-align: justify;">O titular tem o direito de obter do responsável pelo tratamento o apagamento dos seus dados pessoais, sem demora injustificada, e este tem a obrigação de apagar os dados pessoais, sem demora injustificada, quando se aplique algum dos motivos constantes do artigo 17.º do Regulamento (UE) 2016/679 do Parlamento Europeu e do Conselho de 27 de Abril de 2016, nomeadamente, quando o titular dos dados retira o consentimento em que se baseia o tratamento dos dados e se não existir outro fundamento jurídico para o referido tratamento.</p>
<p style="text-align: justify;"><strong> Política de cookies:</strong></p>
<p style="text-align: justify;">A nossa empresa está empenhada em garantir que a privacidade dos seus utilizadores esteja protegida e que cumpre com as obrigações ao abrigo da Lei de Protecção de Dados. A nossa Política de Privacidade e Cookies explica como irá tratar qualquer informação pessoal que nos fornecer quando usar este site. Também descreve como usamos cookies de internet e de algumas das medidas de segurança que tomamos para proteger sua privacidade, bem como dar certas garantias sobre coisas que não irá fazer.</p>
<p style="text-align: justify;"><strong>Cookies:</strong></p>
<p style="text-align: justify;">Nós usamos cookies neste site. Um cookie é um pequeno arquivo de texto que identifica o seu computador no nosso servidor. Os cookies em si não identificar o usuário individual, apenas o computador utilizado. Os cookies não são usados para recolher informações pessoais.</p>
<p style="text-align: justify;">O utilizador tem, a qualquer momento, a possibilidade de configurar o seu computador para aceitar todos os cookies, para notificá-lo quando um cookie é emitido ou para não receber quaisquer cookies. A forma como faz isso depende do navegador (web browser) que utiliza. Por favor, consulte a função “Ajuda” do seu navegador. Se aceitar cookies, eles podem permanecer no seu computador por muitos anos, a menos que os elimine. Por favor, note que desligar cookies pode limitar o uso de sites em geral.</p>
<p style="text-align: justify;"><strong>Controlo de cookies:</strong></p>
<p style="text-align: justify;">Os navegadores da Web permitem exercer algum controle de cookies através das configurações do navegador. A maioria dos navegadores permitem bloquear cookies ou bloquear cookies de sites específicos. Navegadores também podem ajudá-lo a apagar os cookies quando fecha o navegador. Deve observar no entanto, que isso pode significar que quaisquer opt-outs ou preferências definidas no site será perdido. Para saber mais sobre os cookies, incluindo a forma de ver o que os cookies foram criados e como gerenciar e excluí-los, visite www.allaboutcookies.org que inclui informações sobre como gerir as suas configurações para os vários fornecedores de navegadores.</p>
<p style="text-align: justify;"><strong>Email Marketing:</strong></p>
<p style="text-align: justify;">Caso pretenda deixar de receber informação nossa, poderá em qualquer momento clicar no link para cancelar, no rodapé das comunicações via email ou de qualquer outro email que receberá da nossa parte ou então contactando-nos por email para<span> </span>geral@connoscoservice.com</p>
<p style="text-align: justify;"><strong>Aceitação dos termos</strong></p>
<p style="text-align: justify;">Ao utilizar este site, concorda com a recolha e uso das suas informações tal como estabelecido na presente política de cookies e política de privacidade. Se alterarmos a nossa privacidade ou política de cookies de qualquer forma, essas alterações serão publicadas neste site.</p>
<p>[/et_pb_text][/et_pb_column][/et_pb_row][/et_pb_section]</p>

<p>Política de PrivacidadeA partir do dia 25 de maio de 2018, passou a ser aplicável o Regulamento Geral sobre a Proteção de Dados Pessoais, que estabelece regras relativas à proteção, tratamento e livre circulação dos dados pessoais das pessoas singulares, mesmo que tenham sido recolhidos antes daquela data, e que se aplica diretamente a todas [&hellip;]</p>
